y**2 + y + 6. Let o(d) = -2*d - 7. Let w be o(-5). Suppose 0 = 3*f + p + 22 - 5, 25 = -w*f + p. Give x(f).
-1
Suppose 2*z - 3*z + 2 = 0. Let m(j) = 7*j**z - 17*j**2 - 4*j + 3*j. Determine m(-1).
-9
Let l(p) = -7*p - 4. Let w(m) = 15*m + 9. Let f(s) = -7*l(s) - 3*w(s). Suppose -3 - 17 = 10*z. Calculate f(z).
-7
Let g(s) = -s**2 + 6*s. Suppose 0 = -4*b + 5*b - 7. What is g(b)?
-7
Let z = 30 - 32. Let o(t) = t**2 + t + 1. Calculate o(z).
3
Let f be -2*1*30/12. Let q(u) = u - 1. Let b(l) = 2*l - 2. Let m(k) = 6*b(k) - 13*q(k). What is m(f)?
6
Let s be ((-3)/(-5))/((-8)/40). Let x(v) = -4*v + 1. Determine x(s).
13
Let j(z) = -z**3 + 3*z**2 + 4. Let n be 8 - 2 - (12 + -10). Determine j(n).
-12
Let c(d) be the first derivative of d**6/36 + d**5/120 + 4*d**3/3 + 3. Let z(j) be the third derivative of c(j). Give z(1).
11
Let a be (-6)/9*(-18)/(-12). Let k(j) = -10*j**3 - 2*j**2 - j. Calculate k(a).
9
Let j(t) = 2*t**2 + t - 2. Let n be j(-2). Let h(i) = -5 + 3*i + 3 - n*i**3 - 4*i + 3. Determine h(1).
-4
Let k be -2*((-1)/(-1) - 2). Let u(m) = -k*m**2 + m**3 - m - 5*m**3 - 3*m**2 + 3*m**3. Calculate u(-5).
5
Let p(v) = 2*v. Suppose 2*m - 7 = -3. Suppose 0 = -0*f + f. Suppose 5*g + 7 - m = f. Give p(g).
-2
Let l(f) = 2*f**3 + 5*f**2 + 3*f - 1. Let k(t) = -t**3 - 3*t**2 - 2*t + 1. Let r(h) = -7*k(h) - 4*l(h). Calculate r(3).
-15
Let w = -7 + 9. Suppose 3*k - 3 = 2*k. Let m = k - w. Let q(s) = -7*s. What is q(m)?
-7
Let z(r) = -r**2 - 5*r + 4. Let v = 0 + -3. Let b = 1 - v. Suppose 0 = p + 4*d - 11, 5*d = -b*p - 0*d. What is z(p)?
4
Let w(o) be the second derivative of -o**3/3 - 5*o**2 - 19*o - 1. Calculate w(-9).
8
Let u(x) = -3*x - 3. Let w(m) = 15*m + 16. Let p(g) = -11*u(g) - 2*w(g). Suppose -25 + 5 = 5*t. Give p(t).
-11
Suppose -5*v + 14 = 2*q - 3*v, -2*q = -2*v - 2. Suppose 0 = -3*c + q*c - 9. Let h = -14 + c. Let d(w) = -w - 1. What is d(h)?
4
Let k(o) = 2 - o - 4 + 3. Calculate k(-2).
3
Let d = -3 - -3. Let q(w) = -w + 3. Calculate q(d).
3
Let g(b) = 6*b - 6. Let n be 12*(-3 + 1)/(-6). Give g(n).
18
Let i(q) = -q**2 + q + 5. Let l = -87 + 87. Determine i(l).
5
Suppose -3*a = a - 8. Let y = 0 - a. Let n(c) = -5*c**3 - c**2 - 2*c - 1. Let k(r) = r**3 - r**2 + 1. Let d(j) = -3*k(j) - n(j). Determine d(y).
-6
Let b be (-2 - -3)*-1 - -6. Let n(r) = 2*r**2 - 4*r - 6. Give n(b).
24
Let o(n) = 14*n**2 + 7*n - 1. Let i(w) = 5*w**2 + 2*w. Let u(x) = 17*i(x) - 6*o(x). What is u(5)?
-9
Let x = -21 + 26. Suppose 4*q = -0*q + l - 11, 3*l + 35 = -x*q. Let s(k) = k**2 + 6*k + 3. Calculate s(q).
-5
Let c(d) = 2*d - 6. Let n be c(4). Let m(f) = 5 - n*f - 1 + 4. Give m(6).
-4
Let g be 7/3 - 5/15. Let v be -2 + (3 - g - -2). Let q = 2 - v. Let k(b) = 2*b - 1. Calculate k(q).
1
Let m(x) = 2*x**3 - 15*x**2 - 5*x - 17. Let s(o) = o**3 - 7*o**2 - 3*o - 8. Let w(g) = -3*m(g) + 7*s(g). Calculate w(5).
-10
Let z(q) = -47*q - 1 - 1 + 46*q. Determine z(3).
-5
Let c(u) = -3*u - 2*u + 4*u - u. Give c(-3).
6
Suppose -4*r = 3*q - 133 + 33, 3*r = -4*q + 145. Let v(i) = 6*i**3 - 39 - i**2 - 3*i**3 + q. Give v(1).
3
Let b(o) = -o. Let g be 1/(6/3 - 1). Suppose 2*u - 5*s = -33, 2*u - s + g = 3*u. Give b(u).
4
Let k(x) = -x**2 + x. Let p(a) = -a**3 - 10*a**2 + a + 4. Let t(o) = -6*k(o) + p(o). Give t(-4).
24
Let a(z) be the second derivative of z**3/6 + 4*z**2 - z. Let t be (-2)/(-7) - 16/56. Determine a(t).
8
Suppose 7 = -2*l - 5. Let m(g) = 1. Let w(q) = q**2 + 6*q + 4. Let d(n) = 3*m(n) + w(n). Determine d(l).
7
Let i(h) = h**3 - 15*h**2 - 15*h - 23. Let b be i(16). Let n(t) = -t - 4. What is n(b)?
3
Let o(l) be the first derivative of -2*l**3/3 - l**2/2 - 2*l + 11. What is o(2)?
-12
Let o(l) = 97 - 91 - 4*l + 3*l. Let r(p) = -p**3 + 5*p**2 + 6*p. Let i be r(6). What is o(i)?
6
Let n(f) = 3 - 5 + 12*f - 7*f - 3*f**2 + 2*f**2. Calculate n(3).
4
Let u(p) be the first derivative of -p**6/360 + p**5/20 - p**4/8 + 5*p**3/3 + 4. Let v(z) be the third derivative of u(z). Determine v(4).
5
Let s(j) = -j**3 + j + 1. Let w(h) = -2*h**3 - 2*h**2 - 3*h - 2. Let l be w(-2). Let r be l/(-12)*(0 + 1). What is s(r)?
1
Let z(s) = 11*s**3 - s**2 + 2*s - 1. Let a(g) = g + 4. Let m be a(-3). Calculate z(m).
11
Suppose -4*f + 9 = 37. Let p = -13 - f. Let d(r) = -r**2 - 3*r + 6. Calculate d(p).
-12
Let q(h) = h**3 + h**2 + 2*h + 1. Let j = -1 - 0. Let i be q(j). Let n(g) = -2 + 2 + 5*g**3. Calculate n(i).
-5
Let v(n) = 3*n + 12. Let o(t) = t + 18. Let a(i) = -i. Let h(d) = -4*a(d) + o(d). Let r(p) = -5*h(p) + 8*v(p). Determine r(5).
1
Let o(q) = q**3 + 8*q**2 - 5. Let t be o(-8). Let y(a) = a**2 + 6*a + 7. Let c be y(t). Let n(x) = -x**3 + 3*x**2 - 3*x. Give n(c).
-2
Let q(s) be the first derivative of -s**2/2 - 10*s - 28. What is q(-11)?
1
Let u(s) = -s**2 + 7*s - 5. Let b be u(6). Let m = -4 - b. Let o(d) = d**3 + 5*d**2 - d - 7. What is o(m)?
-2
Let q(o) = o**2 + 3*o - 2. Let b be q(-4). Let c(x) = -b*x - 5*x + 4*x - x + x**2. Let w(g) = -g + 12. Let j be w(7). Give c(j).
5
Let b(l) = -l**3 - l**2 + l + 3. Suppose -p + 3 = 2. Let z = p - 1. Determine b(z).
3
Let a(o) be the third derivative of -o**5/60 - o**4/3 - 4*o**3/3 - 5*o**2. Give a(-6).
4
Suppose 0 = -p + 3*u + 7, 4*p = 3*u - u + 8. Let o(s) = -s**3. Calculate o(p).
-1
Let r(u) = u**3 - 4*u**2 + u + 3. Let i(l) = l**2 - 4*l + 3. Let j = -3 + 7. Let d be i(j). Suppose -x + 7 = v, d*x + 13 - 28 = -v. Determine r(v).
-3
Let w(s) = s**2 - 7*s + 4. Suppose 0 = 5*m + 7 + 43. Let h = m + 15. Determine w(h).
-6
Let v(i) = -4*i**2 + 11. Let u(t) = -3*t**2 + 10. Let s(g) = 3*u(g) - 2*v(g). Calculate s(0).
8
Let k(t) = -6*t**2 + 2*t - 1. Let v = 19 - 2. Let w = v - 16. Calculate k(w).
-5
Let j(q) = -q + 11. Let r(k) = -k + 10. Let c = 8 + -11. Let t(v) = v. Let n be t(2). Let d(h) = c*j(h) + n*r(h). Calculate d(6).
-7
Let c(q) be the second derivative of -q**7/2520 - q**6/180 + q**5/60 - q**4/12 - q. Let j(z) be the third derivative of c(z). What is j(-3)?
5
Let p(n) be the first derivative of n**3 + n**2/2 - n - 1. Let f = -57 + 58. Give p(f).
3
Let d(p) = p - 5. Let k = -6 - -8. Suppose 4*j = 5*o - 20, 3*j + 15 = -o + k*o. Let g be (-1 - (-3)/6)*o. Give d(g).
-5
Suppose 3*t + 3*t = -t. Let p(q) = q - 12. Determine p(t).
-12
Let w = 2 + 2. Suppose 0 = -w*d + d. Let i(y) = 3 + 0*y + d*y + 2*y. Calculate i(-2).
-1
Let z be 6/8 + (-6)/(-24). Let y = z - -4. Let t(g) = -2*g**2 + 4*g + 1. Let q(w) = -w**2 - 1. Let r(f) = -q(f) + t(f). Determine r(y).
-3
Let r(k) = -1 - k**3 + 6*k - 7*k**2 - 6 - 7*k + 7*k. Determine r(-8).
9
Let h(j) = -2*j**2 - j + 3*j**2 - 7*j + 13 - 5. What is h(8)?
8
Suppose p = -w, p - 4*w - 24 = -3*p. Suppose -p*a = -0*a. Let h(g) be the first derivative of -g**4/4 + g**3/3 - 2*g + 1. Give h(a).
-2
Let g = -7 + 12. Let c(j) = -j**3 + 4*j**2 + 4*j + 3. What is c(g)?
-2
Let r(h) = 0 + 3 + 5*h + h**2 + 0. Let w = -43 + 40. Let u be r(w). Let c(t) = -t**3 - 3*t**2 + 2*t + 1. Determine c(u).
-5
Let m(y) be the second derivative of -y**5/20 + 3*y**4/4 - 5*y**3/6 - 7*y**2/2 - 13*y. Determine m(8).
17
Suppose -2*a = -0*a + 8. Let r be (-42)/(-24) + (-1)/a. Let y(h) = 0*h + 2*h - 1 - r*h - 3*h. What is y(1)?
-4
Let x = -17 + 24. Let v(w) = x - 7 - 3*w**2 - 2*w - w**3. Suppose -3*y - n + 6 - 19 = 0, 19 = -y - 4*n. What is v(y)?
6
Let b = -11 - -12. Let u(q) = -1 + 11*q**2 - 6*q - b - 12*q**2. Give u(-5).
3
Suppose 4*h - 23 = -o - 0, -3*h + 3*o = -21. Let c(k) = k**3 - 6*k**2 - k + 8. Determine c(h).
2
Let v(d) = -d + 6. Let z(h) = h + 8. Let w be z(-6). Let g be w + (-1)/((-1)/3). Calculate v(g).
1
Let k be (10/(-4))/((-3)/6)*-1. Let q(m) = -m + 6. What is q(k)?
11
Let n(y) = -21*y + 1. Suppose -6 = -16*q + 10*q. Calculate n(q).
-20
Let j(i) = 5*i - 1. Let n(o) = -o**2 - 5*o + 1. Let p be n(-5). Determine j(p).
4
Let m(b) = -2*b**3 - 13*b**2 + 5*b - 4. Let i(z) = 3*z**3 + 19*z**2 - 8*z + 6. Let j(k) = -5*i(k) - 7*m(k). Let y(p) = -4*p + 3. Let s be y(2). What is j(s)?
-2
Let x(w) = 8*w**2 - 1. Let f = -15 - -16. Calculate x(f).
7
Let m be 2/(-4) - 58/(-4). Let i = 3 + 2. Let h be (m/i - 2)*-5. Let q(k) = k**3 + 4*k**2. Determine q(h).
0
Let b(n) = -n**3 - 4*n**2 + 2*n - 2. Let i(t) = -2*t**3 - 9*t**2 + 4*t - 5. Let u(o) = 5*b(o) - 2*i(o). Calculate u(-3).
3
Let c(d) = -4*d**2 - 2*d - 1. Suppose -3*x - 20 = x. Let k be (x + 6)*(-1)/1. What is